greatest common factor of y and n.
12
Let a(u) = 112*u**2 - u - 1. Let g be a(-1). Calculate the greatest common factor of 32 and g.
16
Let n = 2 - -13. Let z(a) = a + 18. Let y(l) = -l**2 + l - 2. Let r be y(3). Let u be z(r). Calculate the highest common divisor of n and u.
5
Let a = -75 + 107. What is the highest common factor of a and 256?
32
Let r be (-40)/(-14)*28/8. Suppose -3*i - 2*i + 15 = 0. Suppose 4*u + 0*g = g + 438, 0 = -2*u - i*g + 226. Calculate the highest common divisor of u and r.
10
Suppose 0 = 5*d + g - 20, -5*d + 5*g = -54 + 4. Suppose -104 = -d*h + 56. What is the highest common factor of h and 48?
16
Let f = -21 + 43. Calculate the greatest common factor of f and 2.
2
Let x = 99 + -92. Calculate the greatest common divisor of 1 and x.
1
Suppose 325 = 3*v + 5*q, 2*v - 410 = -2*v - 2*q. Suppose -v = -2*k - 0*k. Calculate the greatest common divisor of k and 10.
10
Suppose 5*t + 132 = 4*v + 15, 3*v = 5*t + 84. Calculate the highest common divisor of v and 3.
3
Suppose 4*w = 2*w - 6, 4*y - 70 = 2*w. Let f be (6/(-15))/(1/(-5)). Suppose 24 = f*n - 8. What is the highest common divisor of y and n?
16
Let q(j) = j**3 + 10*j**2 + 3*j + 11. Let l be q(-9). Calculate the greatest common factor of 39 and l.
13
Let u(n) = 10*n**3 + 2*n**2 - n - 2. Let m be u(2). Suppose 0*w + 2*w - 5*y - 27 = 0, -4*y = 5*w - m. Calculate the greatest common divisor of w and 24.
8
Suppose -5*w + 2*w + 12 = 0. Suppose o + w*o + 4*d - 31 = 0, o + d = 6. Let z be (-7)/(2/3 - 14/18). Calculate the highest common divisor of z and o.
7
Suppose -5*z + 51 = -39. What is the greatest common factor of 18 and z?
18
Suppose 38 - 8 = 5*z. Let n be ((-8)/(-10))/(z/45). What is the highest common divisor of n and 54?
6
Let w be 29 + 11 - (-1 - 1). What is the greatest common divisor of 105 and w?
21
Let i be (9/(-6))/(2/(-4)). Let d = -12 + 24. Calculate the highest common divisor of d and i.
3
Let h(r) = -r + 16. Suppose 2*x = -5*c + 2 - 0, x = -3*c. Let l be h(x). What is the highest common factor of 110 and l?
10
Let y = -17 + 26. Calculate the highest common divisor of y and 81.
9
Let w(g) = -35*g**3 - 1. Let b be w(-1). What is the highest common factor of 17 and b?
17
Suppose -4*n + 5 + 3 = 0. Suppose w + 27 = 2*w + 4*b, n*w - 68 = -b. Suppose 3*o = -a + 11, -3*o - 13 = -a - 7*o. What is the highest common factor of a and w?
5
Suppose -156 = 5*z - 856. What is the highest common factor of 20 and z?
20
Suppose -2*k = 3*c + 28, 32 = -5*c + 3*k + k. Let z(f) = -9 - f**2 - f**2 - 11*f + f**2. Let m be z(c). Calculate the greatest common divisor of 6 and m.
3
Let w = -57 + 103. Suppose 3*t + 2*x - 114 = 0, 5*x - 3*x = t - w. What is the greatest common divisor of t and 8?
8
Suppose 4*m = 38 + 18. Suppose -26 - m = -4*z. What is the greatest common divisor of 15 and z?
5
Suppose 7 = -j + 3*i, -4*i + 5*i = 3. Let p = -3 + 5. What is the highest common factor of j and p?
2
Suppose 5*y - 2 = -3*z + 40, -4*y - 5*z = -31. Let l = -75 - -147. Calculate the highest common factor of y and l.
9
Suppose -4*f + 3*y - 5*y = 2, 0 = 4*f - 3*y - 23. Suppose -f*j + j = -5. Let c(h) = 2*h - 10. Let n be c(10). Calculate the greatest common divisor of n and j.
5
Let t be (-1*2)/((-1)/2). Let w = -6 + t. Let i be w - (-16 + (1 - 1)). Calculate the highest common factor of i and 56.
14
Suppose 102 = 97*f - 94*f. What is the highest common divisor of f and 238?
34
Suppose 5*u = -0*u - 20, -40 = -2*r - 3*u. What is the highest common divisor of 208 and r?
26
Let c be 126/(-8)*(-5 + 1). Let g = -58 + 100. Calculate the highest common divisor of c and g.
21
Suppose 2*i + i = 120. What is the highest common divisor of 5 and i?
5
Let l = 6 + -3. Let n(x) = x**2 - 4*x - 7. Let k be n(6). Suppose k*j - 3*h - 79 = 14, 100 = 4*j + 4*h. What is the highest common divisor of j and l?
3
Suppose -5*k + 2*k + 21 = 0. Calculate the greatest common factor of 21 and k.
7
Let m = -222 - -226. Let k = -60 - -96. Suppose -20 = -4*h - z, 2*h = -2*h - 5*z + k. Calculate the greatest common factor of h and m.
4
Suppose l + l = 70. Suppose 2*x = 5*z + 35, x - z = -x + 31. Let t be (2 + -1)/(3/x). What is the greatest common divisor of t and l?
5
Suppose 6*z = 2*z + 16. Calculate the highest common factor of 36 and z.
4
Suppose 2*a = 5*p - 4, 2*a + 12 = 4*a - p. What is the highest common divisor of 16 and a?
8
Let q be 5/(((-25)/80)/(-5)). What is the highest common factor of 5 and q?
5
Suppose 0 = -5*r - c + 17, 4*r = 5*c + 32 - 1. Let u = 13 - r. Let n be u + 0/((-4)/(-2)). Calculate the highest common factor of n and 45.
9
Let h(b) = -2*b**2 - 4*b + 4. Let k be h(-4). Let q be (-28)/(-24) - (-2)/k. Calculate the greatest common divisor of q and 1.
1
Suppose -x - 2*x = f - 15, 4*f = 4*x - 20. Suppose 19 = 5*r + 2*c - 37, -5*r + 35 = -x*c. Calculate the highest common divisor of 4 and r.
2
Let b be -2 + 6 - (-9 + 5). What is the greatest common divisor of 20 and b?
4
Suppose g - 29 = 111. Suppose 52 + g = 3*b. Let f = -38 + 54. Calculate the greatest common divisor of f and b.
16
Suppose 0*s = 2*s - 24. Suppose -5*b + 49 = r, -b + 2*b - s = 2*r. Calculate the highest common factor of b and 30.
10
Suppose -j + 70 + 25 = 0. What is the highest common divisor of j and 38?
19
Suppose 0*l + 3*l - 33 = 0. What is the greatest common divisor of l and 77?
11
Suppose 0 = -4*h - 0*s - 3*s + 345, 2*s - 258 = -3*h. Calculate the greatest common divisor of h and 28.
28
Suppose 0 = c + 3*r - 6 + 21, 4*c - 4*r = 20. Let k be (-9)/((-2 - c) + 1). Let w = -1 - -19. Calculate the highest common divisor of k and w.
9
Let j = 2273 - 1372. Suppose -j = 3*z - 145. Let h be z*(-1 + 2/4). Calculate the greatest common divisor of h and 14.
14
Let f(z) = z**3 + 9*z**2 - 16*z - 12. Let r = -8 - 2. Let t be f(r). What is the greatest common divisor of t and 32?
16
Let f be (-1)/((-4)/116) + 2. Let w = 26 - 8. Let o = f - w. What is the greatest common divisor of 143 and o?
13
Suppose 4*v = -5*p - 13 + 42, 5*v + 5 = 2*p. What is the highest common factor of p and 35?
5
Let n(w) = -w**3 - 2*w**2 + 1. Let g be n(-5). Suppose 0 = -4*p - 25 + 93. Let m = p + 2. What is the highest common factor of m and g?
19
Let r(w) = 4*w - 31. Let k be r(16). Calculate the greatest common factor of k and 3.
3
Let x be ((-9)/(-6))/((-1)/(-2)). Calculate the greatest common divisor of x and 3.
3
Let x = -669 - -1060. Suppose 0 = 5*c + 4*u - x, -6*c + 5*u = -4*c - 130. What is the greatest common divisor of 50 and c?
25
Let v = -67 - -103. What is the highest common factor of 2 and v?
2
Let d = 26 + -13. Let h(l) = 7*l**2 - 4*l - 5. Let n be h(4). What is the greatest common factor of n and d?
13
Suppose q + r - 64 = 0, -8*r + 3*r + 20 = 0. Let j = -19 + 31. Calculate the highest common divisor of q and j.
12
Let x(a) = -a**3 - 3*a**2 - a - 8. Let g be x(-4). Let i(n) = 1 + 6*n + 1 + n. Let r be i(4). What is the greatest common divisor of r and g?
6
Suppose -5*u = -u + 12. Let j(b) = b + 6. Let q be j(u). Let m be 2/8 - q/(-4). What is the greatest common divisor of m and 1?
1
Let p = 92 - 76. What is the greatest common factor of p and 112?
16
Let h be ((-5)/3)/(1/(-75)). Suppose -4*u = -595 - h. Suppose -3*r + 77 - 17 = 0. What is the greatest common divisor of u and r?
20
Let k(t) = -t + 2. Let g be k(-12). Calculate the greatest common factor of 14 and g.
14
Suppose -11 = -q - y, 5*y + 23 = 5*q - 2. Let c = 110 + -78. What is the highest common factor of c and q?
8
Let r(b) = 17*b**2 + 2*b - 1. Let f be r(1). Let o be 3*2/f*3. Calculate the highest common divisor of o and 4.
1
Let p(r) = r**2 + 8*r + 12. Let m be p(-7). Suppose -m*c = 3*k - 64, -c - c + 20 = 4*k. Calculate the highest common divisor of c and 2.
2
Let z = -1 + 3. Let i be 12/(z/(-8) - -1). Calculate the greatest common divisor of 112 and i.
16
Let t = -47 - -29. Suppose 3*a + a + 4 = 0. Let l be ((-35)/(-15))/(a/t). What is the highest common factor of 6 and l?
6
Let t(w) = w**3 + 10*w**2 - 14*w - 13. Let l be t(-11). What is the greatest common factor of 40 and l?
20
Suppose -y - 2*t = 3*t + 41, 4*t - 123 = 3*y. Let z = -8 - y. Calculate the highest common divisor of 22 and z.
11
Let f(u) = 3*u**2 - 4*u + 2. Let v be f(2). Calculate the highest common factor of v and 4.
2
Let l(q